) = 91713*m + 550755. Determine a(-6).
477
Let k(d) = 298*d + 49161. Give k(-165).
-9
Let y(f) = -16*f**3 - 3619*f**2 - 700*f - 4949. Calculate y(-226).
23
Let r(i) = 2232*i + 22236. Determine r(-10).
-84
Let n(f) = -9*f**2 - 869*f + 2702. Calculate n(3).
14
Let i(n) = 2*n**2 - 2*n - 81. Determine i(-10).
139
Let p(w) = -287*w**2 + 5349*w - 21778. Calculate p(6).
-16
Let d(q) = -1139*q**2 - 42145*q - 75. What is d(-37)?
-1
Let b(p) = -p**3 - 35*p**2 - 24*p + 566. Determine b(-36).
2726
Let r(b) = b**3 + 148*b**2 + 5256*b + 263. What is r(-59)?
-32
Let w(h) = 13*h**2 + 37*h - 3004. Determine w(14).
62
Let j(f) = 2*f**3 + 95*f**2 - 335*f + 1141. Determine j(-51).
19
Let j(s) = -147*s + 10351. Determine j(42).
4177
Let k(n) = 28*n**2 - 21*n + 26. Calculate k(3).
215
Let m(r) = -r**2 + 56*r + 9246. What is m(-72)?
30
Let p(k) = -3*k**2 + 9793*k - 19577. Determine p(2).
-3
Let b(u) = -184*u + 2078. What is b(17)?
-1050
Let z(r) = -5708*r + 19467. What is z(3)?
2343
Let p(i) = -2*i**2 - 279*i + 10195. Calculate p(30).
25
Let p(o) = 84029*o - 84021. What is p(1)?
8
Let f(w) = 159*w + 14597. What is f(-93)?
-190
Let t(p) = 2*p**3 - 12*p**2 - 1170*p + 11662. Give t(11).
2
Let u(d) = -d**3 - 72*d**2 - 164*d - 1682. Give u(-70).
-2
Let b(d) = 8753*d - 271329. Calculate b(31).
14
Let w(t) = -387*t**2 - 1934*t + 108. What is w(-5)?
103
Let d(h) = -2*h**3 + 33*h**2 - 75*h - 376. Calculate d(12).
20
Let m(t) = t**2 + 83*t - 3329. Give m(28).
-221
Let c(m) = 2523*m + 45411. What is c(-18)?
-3
Let m(p) = -5*p**3 - 298*p**2 - 442*p + 1211. What is m(-58)?
-65
Let s(n) = 83*n**2 + 9305*n + 960. Calculate s(-112).
-48
Let z(r) = 40199*r - 4703276. Give z(117).
7
Let q(r) = -311484*r + 1557418. What is q(5)?
-2
Let h(v) = 7*v**2 + 413*v - 38154. Determine h(50).
-4
Let x(m) = 35411*m + 177071. Determine x(-5).
16
Let d(n) = -2*n**2 - 91*n + 8237. Determine d(-77).
3386
Let a(p) = -3609*p + 1144075. Give a(317).
22
Let d(k) = -19158*k - 134350. Give d(-7).
-244
Let p(r) = -r**2 - 32891*r - 263038. Calculate p(-8).
26
Let x(k) = 2*k**2 - 792*k + 44526. Calculate x(68).
-82
Let s(y) = 901*y**3 + 29730*y**2 - 103*y - 125. Give s(-33).
7
Let m(p) = p**3 + 13*p**2 + 748*p - 5161. Determine m(6).
11
Let j(w) = -6467*w + 59083. What is j(9)?
880
Let p(s) = 159*s + 722. Give p(-6).
-232
Let m(d) = d**2 - 905*d + 11660. Determine m(13).
64
Let r(t) = -944*t + 1896. Determine r(2).
8
Let u(v) = -2368*v + 464130. Give u(196).
2
Let k(l) = 739512*l + 17008770. Give k(-23).
-6
Let p(c) = -2*c**3 + 72*c**2 + 840*c + 1669. What is p(-7)?
3
Let u(j) = -j**2 - 19579*j + 206. Give u(0).
206
Let d(h) = 53*h**2 + 2496*h - 120. What is d(-47)?
-355
Let v(u) = 44*u**2 + 460*u + 23. Give v(-11).
287
Let t(q) = 458*q**2 - 249*q - 490. Determine t(-2).
1840
Let m(o) = o**3 - 17*o**2 + 493*o - 2844. Give m(7).
117
Let q(r) = -2*r**3 + 408*r**2 - 4966*r + 49. Determine q(191).
49
Let q(v) = 4*v**3 + 6*v**2 + 235*v - 987. What is q(4)?
305
Let k(f) = -238*f - 110947. Determine k(-466).
-39
Let y(g) = 763*g + 31276. Give y(-41).
-7
Let a(x) = 7*x**3 + 363*x**2 - 49*x - 32. Give a(-52).
-188
Let g(q) = -20899*q + 10156907. Calculate g(486).
-7
Let n(b) = 20*b**3 + 38365*b**2 + 9590*b + 5. Calculate n(-1918).
5
Let d(q) = -17147*q + 720180. Calculate d(42).
6
Let c(t) = 37051*t**2 - 2223061*t + 56. What is c(60)?
-4
Let z(v) = -208*v - 64. Calculate z(-7).
1392
Let b(y) = -67*y**2 + 125*y + 54. Give b(2).
36
Let g(f) = -51118*f - 664552. Give g(-13).
-18
Let x(a) = -a**3 - 93*a**2 + 688*a + 63830. What is x(-93)?
-154
Let t(s) = s**2 + 3713*s - 25973. Give t(7).
67
Let o(l) = -86*l**2 - 1305*l + 6235. Determine o(-19).
-16
Let v(i) = i**3 - 5*i**2 - 30*i - 5. Determine v(-4).
-29
Let v(i) = i**3 + 11*i**2 - 465*i - 172. Give v(17).
15
Let h(v) = -v**3 - 19*v**2 - 62*v - 522. Calculate h(-17).
-46
Let m(r) = -r**3 - 289*r**2 + 1820*r - 324. Determine m(6).
-24
Let x(w) = -13*w**3 - 2*w**2 - 24*w + 77. Give x(3).
-364
Let f(d) = -9*d**3 + 142*d**2 - 211*d + 3893. Calculate f(16).
5
Let z(h) = h**2 - 47133*h - 188529. Determine z(-4).
19
Let w(s) = -45140*s + 225704. Give w(5).
4
Let f(r) = 143*r**2 - 2650*r + 3733. Calculate f(17).
10
Let x(t) = -12688*t + 50471. Calculate x(4).
-281
Let m(b) = 13*b**3 + 118*b**2 - 200*b - 1879. Give m(-9).
2
Let a(u) = 1685*u - 92469. What is a(55)?
206
Let u(i) = -2*i**3 + 244*i**2 - 12*i + 19. Calculate u(0).
19
Let z(y) = 2*y**3 + 3934*y**2 + 27422*y - 113. Calculate z(-7).
13
Let f(v) = -32*v - 652. Give f(-16).
-140
Let q(t) = -967*t - 5974. Determine q(-6).
-172
Let z(h) = 6*h**3 - 538*h**2 + 2851*h - 175. Give z(84).
-595
Let f(t) = -t**2 - 20*t - 180. Calculate f(-7).
-89
Let v(j) = -j**2 + 3806*j + 314837. Calculate v(-81).
-10
Let o(w) = 616*w**2 + 3840*w - 2. Determine o(-6).
-866
Let m(y) = -y**3 - 162*y**2 - 989*y - 81426. Give m(-159).
-18
Let m(d) = -d**3 - 85*d**2 - 627*d + 60. What is m(-8)?
148
Let l(d) = 659*d - 1063. Calculate l(0).
-1063
Let f(o) = 2*o**2 - 407747*o + 1223246. Give f(3).
23
Let k(f) = 275*f**2 - 133*f - 3. What is k(-3)?
2871
Let m(j) = -4409*j - 9530. Calculate m(-2).
-712
Let j(q) = -q**3 + 131*q**2 - 231*q - 3464. Determine j(129).
19
Let d(l) = 4*l**2 - 709*l - 498. Determine d(178).
36
Let m(v) = 248*v - 6967. Give m(28).
-23
Let b(t) = 8*t**2 + 208*t - 2390. Determine b(12).
1258
Let p(f) = -10*f**2 - 3026*f - 8980. Determine p(-3).
8
Let x(z) = -z**3 + 21*z**2 + 125*z + 799. What is x(27)?
-200
Let c(o) = 3260*o + 658512. Determine c(-202).
-8
Let r(s) = -3139*s**2 - 12594*s + 20. What is r(-4)?
172
Let d(h) = -68182*h - 272710. What is d(-4)?
18
Let a(y) = -35459*y - 1063767. What is a(-30)?
3
Let g(l) = 2*l**3 + 198*l**2 - 389*l - 132. Give g(-101).
-1647
Let p(q) = q**3 + 15*q**2 + 26*q + 736. Give p(-16).
64
Let q(n) = 4022*n + 7117. Determine q(-2).
-927
Let f(z) = 387*z + 25164. Calculate f(-65).
9
Let a(p) = -3*p**3 - 446*p**2 - 741*p - 750. What is a(-147)?
132
Let z(b) = b**3 + b**2 + 36*b + 252. Calculate z(-5).
-28
Let d(s) = -s**3 + 126*s**2 + 5068*s - 591234. Give d(130).
6
Let f(z) = -45*z**3 + 1706*z**2 + 155*z - 134. Give f(38).
-20
Let c(f) = -f**3 - 60*f**2 - 459*f - 62. What is c(-8)?
282
Let b(m) = m**3 - 116*m**2 - 3998*m - 4922. Calculate b(144).
-26
Let l(b) = -7*b**3 - 6*b**2 - 11*b - 2. What is l(-1)?
10
Let n(s) = 70260*s + 5480273. Calculate n(-78).
-7
Let o(r) = 378*r - 45049. Give o(119).
-67
Let b(g) = -1516*g - 125920. What is b(-83)?
-92
Let v(i) = 304*i - 84565. Calculate v(278).
-53
Let r(h) = -3*h**3 + 29*h**2 - 25*h + 5. Calculate r(9).
-58
Let h(a) = -3*a**3 + 745*a**2 - 29452*a - 15. Determine h(199).
-15
Let u(q) = 2*q**3 + 4*q**2 + 975*q + 4848. Calculate u(-5).
-177
Let z(f) = -2852*f + 4944. Calculate z(2).
-760
Let z(o) = o**3 - 105*o**2 + 940*o - 11. Give z(10).
-111
Let i(g) = 10*g**3 - 380*g**2 + 395*g - 13. Calculate i(1).
12
Let b(i) = -i**2 - 609283*i - 6092696. Calculate b(-10).
34
Let p(w) = w**2 - 1098*w + 19491. Give p(18).
51
Let f(b) = -2*b**2 + 295*b + 137. Calculate f(0).
137
Let m(q) = -134*q**2 - 43147*q + 387. What is m(-322)?
65
Let y(s) = 27*s**3 - 188*s**2 + 51*s - 276. Calculate y(7).
130
Let z(k) = k**3 + 223*k**2 + 986*k + 219776. Give z(-223).
-102
Let m(g) = -9113*g**2 + 100169*g + 810. What is m(11)?
-4
Let l(j) = 12990*j + 402701. What is l(-31)?
11
Let i(b) = 1096*b**2 - 28477*b - 319. Calculate i(26).
175
Let t(q) = 5*q**3 - 66251*q**2 - 66231*q + 19. Determine t(-1).
-6
Let p(u) = u**3 + 13*u**2 + 120*u + 1574. Calculate p(-13).
14
Let t(a) = 2*a**3 + 219*a**2 - 40676*a + 577. Determine t(98).
-11
Let a(u) = u**2 + 69*u + 906. What is a(-13)?
178
Let h(g) = -949*g + 1159710. Determine h(1222).
32
Let b(v) = -48720*v - 194843. Determine b(-4).
37
Let b(c) = 5908*c + 6516536. What is b(-1103)?
12
Let y(b) = -b**3 + 13*b**2 + 2653*b - 39345. Determine y(15).
0
Let z(k) = -144*k + 9662. Determine z(62).
734
Let a(m) = 3*m**3 + 56*m**2 + 121*m + 166. What is a(-16)?
278
Let v(y) = 117*y - 9446. Calculate v(86).
616
Let r(k) = -476*k - 7109. Calculate r(-15).
31
Let d(t) = 146*t - 12492. Determine d(83).
-374
Let t(s) = -302*s - 32632. Give t(-108).
-16
Let u(b) = 8243*b - 255990. Give u(31).
-457
Let z(w) = -103*w**2 - 98*w - 200. Calculate z(-2).